base 4, what is -12 + -10232002?
-10232020
In base 5, what is 1204 + 413?
2122
In base 10, what is 9 - -139984?
139993
In base 9, what is -500 + -154?
-654
In base 10, what is 5 + 1575052?
1575057
In base 4, what is 1103001 - -13?
1103020
In base 16, what is 90 - 67?
29
In base 13, what is -ba064 - -5?
-ba05c
In base 3, what is 20220120 + -12222?
20200121
In base 14, what is 72d + 3d?
76c
In base 12, what is 3990a + 1?
3990b
In base 6, what is -2 + 12404245?
12404243
In base 9, what is -1 - 1530?
-1531
In base 12, what is 1 - 17bb59?
-17bb58
In base 10, what is -4 - 1748?
-1752
In base 3, what is 12 - 220200020010?
-220200012221
In base 16, what is -8391d + 1?
-8391c
In base 14, what is 3 + -38b4a?
-38b47
In base 10, what is -8 + -7293?
-7301
In base 7, what is -2535 - -53?
-2452
In base 16, what is -166b8 + 5?
-166b3
In base 4, what is 133 + 10131221?
10132020
In base 4, what is -2300 + 13?
-2221
In base 8, what is 4 + 413704?
413710
In base 7, what is 2221626 - 4?
2221622
In base 16, what is 2dc + 159?
435
In base 16, what is -2 - -1bf5?
1bf3
In base 3, what is -20112121 - 11?
-20112202
In base 7, what is -12310 + 10?
-12300
In base 6, what is 35205 - -13?
35222
In base 13, what is 454 - 9?
448
In base 16, what is -1c - -16b69?
16b4d
In base 3, what is 12210002020 + 12?
12210002102
In base 2, what is -101 + 100011011011110?
100011011011001
In base 2, what is 1100 + 1000111?
1010011
In base 2, what is -100 - -100000100111011001?
100000100111010101
In base 13, what is -1c6 - 420?
-616
In base 16, what is 7 - 5cc?
-5c5
In base 6, what is 2535 - 111055?
-104120
In base 3, what is 121 - -10200202012?
10200202210
In base 4, what is 221132100 - 10?
221132030
In base 9, what is -7 - -37585?
37577
In base 11, what is -1842 - 9?
-1850
In base 11, what is -31 + -48?
-79
In base 2, what is 110111010 - 111010?
110000000
In base 16, what is 1e2a + 52?
1e7c
In base 4, what is 1110 + 332?
2102
In base 8, what is -1 + 110625?
110624
In base 12, what is -38a3 + -5?
-38a8
In base 6, what is 22 - 31022?
-31000
In base 16, what is 1 - -162ab?
162ac
In base 13, what is -8856 - 1c?
-8875
In base 10, what is -12 - 33119?
-33131
In base 5, what is 1011213 + 12?
1011230
In base 8, what is 40 - -240227?
240267
In base 2, what is 100110000101011 + 11?
100110000101110
In base 12, what is 3 - 4705?
-4702
In base 15, what is 0 + -1ab1?
-1ab1
In base 6, what is 3 + -5024110?
-5024103
In base 16, what is -9 + -1a54a?
-1a553
In base 4, what is 13313 - 303?
13010
In base 4, what is 10 - 232331310?
-232331300
In base 12, what is 638 + 1399?
1a15
In base 16, what is 5 + -3850?
-384b
In base 6, what is 34031 + 40?
34111
In base 8, what is 33 - -17432?
17465
In base 6, what is 1345440 + -5?
1345431
In base 8, what is 65375 + 4?
65401
In base 5, what is 24233011 - 3?
24233003
In base 7, what is 1236442 - 11?
1236431
In base 3, what is 120200201222012 - -11?
120200201222100
In base 11, what is -32 - -29623?
295a1
In base 16, what is -34 - 45c?
-490
In base 16, what is -2c6a5 - 0?
-2c6a5
In base 2, what is -10 - -101111001001001?
101111001000111
In base 12, what is 131129 - -1?
13112a
In base 5, what is -3 - 243000?
-243003
In base 13, what is 3c471 + 0?
3c471
In base 12, what is -18b0 - -5?
-18a7
In base 11, what is 6a90 - 1?
6a8a
In base 11, what is 693a - 3?
6937
In base 15, what is 16 - d425?
-d40e
In base 3, what is 220012 + 1100200?
2020212
In base 6, what is 12542010 - -5?
12542015
In base 7, what is 5 + 26015?
26023
In base 3, what is -10 - -221112112?
221112102
In base 8, what is 31 - -2215?
2246
In base 7, what is -2 + -42424?
-42426
In base 6, what is 303 + 3010?
3313
In base 4, what is 12 - 3010101?
-3010023
In base 4, what is -31113122 - 2?
-31113130
In base 3, what is 110112200212 - 10?
110112200202
In base 13, what is -5 + -1537c3?
-1537c8
In base 6, what is -5 - 432210?
-432215
In base 11, what is 20 + 8703?
8723
In base 11, what is 1508a + a?
15099
In base 11, what is 24 - -2156?
217a
In base 13, what is -54 - 4160?
-41b4
In base 13, what is -5775 + -6?
-577b
In base 2, what is -100111001100 - -11110001?
-100011011011
In base 13, what is -68 - -b70?
b05
In base 15, what is ca - 186?
-ab
In base 15, what is -6b - -215?
199
In base 5, what is 102 - -41013?
41120
In base 9, what is 70 - 2212?
-2132
In base 5, what is 1 + 32240130?
32240131
In base 16, what is -2924 + 3?
-2921
In base 12, what is 431 - 6b?
382
In base 9, what is 1 - -54504?
54505
In base 10, what is 1 - -18304?
18305
In base 13, what is -6 + -24a99?
-24aa2
In base 4, what is 1200 - -100020113?
100021313
In base 13, what is 698 + -22?
676
In base 12, what is 3 + 983?
986
In base 9, what is 642 - -866?
1618
In base 12, what is 14549 + -1?
14548
In base 15, what is -ebd25 + 3?
-ebd22
In base 6, what is -125152210 - -3?
-125152203
In base 3, what is -102010 + -1122110?
-2001120
In base 10, what is -33 + 29064?
29031
In base 16, what is -5 - e47c?
-e481
In base 8, what is -70 - -227704?
227614
In base 5, what is -10 + 2132004?
2131444
In base 14, what is -5 + 4797?
4792
In base 9, what is 1311733 - 3?
1311730
In base 9, what is 1076515 - -4?
1076520
In base 13, what is -33ab - 70?
-344b
In base 12, what is 9a + -165?
-87
In base 7, what is -14 - -664204?
664160
In base 12, what is -a - -a6b6?
a6a8
In base 2, what is 100011010010110011 + -1010?
100011010010101001
In base 4, what is 300021 + 12102?
312123
In base 14, what is 1c + bcd3?
bd11
In base 9, what is -5636 - -34?
-5602
In base 5, what is -1 - 32443441?
-32443442
In base 15, what is -aa98 + -5?
-aa9d
In base 13, what is 26c - 145?
127
In base 11, what is 4098 + -8?
4090
In base 7, what is -5 - 424106?
-424114
In base 7, what is -4 + 4046?
4042
In base 16, what is 1 + -1289a?
-12899
In base 12, what is -362 + 111?
-251
In base 7, what is -3360 - -1?
-3356
In base 13, what is 200 - -336?
536
In base 14, what is -1a873 - -5?
-1a86c
In base 13, what is -3430 + -5?
-3435
In base 12, what is -4 + 47406?
47402
In base 3, what is 11102 + 100022121?
100111000
In base 11, what is 5 + 156a32?
156a37
In base 5, what is -12 - 20323?
-20340
In base 8, what is 2 + -656067?
-656065
In base 7, what is 0 - 1125300?
-1125300
In base 6, what is -24 + -4122?
-4150
In base 11, what is 177 + -116?
61
In base 5, what is 30234 + 141?
30430
In base 15, what is 3 + 3b4e3?
3b4e6
In base 12, what is 85 + b58?
1021
In base 4, what is 1003 - -12312?
13321
In base 15, what is 67 - 217?
-1a0
In base 10, what is -1792 - -45?
-1747
In base 11, what is 25 - 1642?
-1618
In base 2, what is 1000000001100110001 - 10?
1000000001100101111
In base 4, what is -11 - -22212?
22201
In base 6, what is -1130 - -3501?
2331
In base 2, what is -100110011000011 - -11?
-100110011000000
In base 4, what is -23212 - 110?
-23322
In base 3, what is 12001 - -2100?
21101
In base 13, what is -23a4 - 3c?
-2413
In base 11, what is 16483 + -2?
16481
In base 15, what is -b0d - -12b?
-9d2
In base 15, what is -20d4 - d?
-20e2
In base 7, what is 5 + -1053600?
-1053562
In base 8, what is 120 + -204?
-64
In base 15, what is -13b - 28?
-164
In base 10, what is 315 - 32?
283
In base 5, what is 2100 - -142342?
144442
In base 12, what is 55 - 396?
-341
In base 3, what is -1102022 + 21000?
-1011022
In base 14, what is 1 + -16779?
-16778
In base 4, what is 112211 + 133222?
312033
In base 13, what is 1 + -63a37?
-63a36
In base 11, what is 9365 + 140?
94a5
In base 2, what is -11001010111 - 10010001?
-11011101000
In base 16, what is -20f2e - -24?
-20f0a
In base 3, what is 102100220 + 12212?
102120202
In base 9, what is -2 + -77537?
-77540
In base 5, what is -23330 + -13432?
-42312
In base 10, what is -8 + 14150?
14142
In base 13, what is 15aa3 + 34?
15b07
In base 12, what is -5 - a602?
-a607
In base 2, what is 101000011110111 + -1001?
101000011101110
In base 10, what is -19 - -10033?
10014
In base 4, what is 2 - -12213210?
12213212
In base 14, what is -50a2 - 4?
-50a6
In base 8, what is -276 - 2110?
-2406
In base 15, what is -a - -ce?
c4
In base 5, what is 222100 + -4?
222041
In base 16, what is 712 - -1d8?
8ea
In base 12, what is -3 - 39282?
-39285
In base 5, what is -11013 + -143?
-11211
In base 10, what is 48 + -1840?
-1792
In base 12, what is -5 + -18a99?
-18aa2
In base 4, what is -10 - 1010233?
-1010303
In base 8, what i